 units digit of t?
2
Suppose 0 = -37*w + 41*w. Suppose w*g - 82 = -2*g. What is the tens digit of g?
4
Suppose d - 3*k + 2*k - 96 = 0, 3*k - 212 = -2*d. What is the tens digit of (1/1)/(-1 - d/(-98))?
4
Let l(b) = 98*b + 951. What is the hundreds digit of l(25)?
4
Let u(b) = -b**3 + 9*b**2 - 4*b + 12. Let f be 21/(-28) + (-70)/(-8). Let d be u(f). What is the tens digit of 2852/d + 2/11?
6
Let o(b) = -b**2 + 2*b + 4. Let i be o(3). What is the units digit of 2*(-35)/(-10)*i*5?
5
Let n(g) = 33*g**2 - 1. Let p be n(-1). Suppose 2*z = p + 14. Let o = z + 2. What is the units digit of o?
5
Let g(i) = -5*i**3 + i. Suppose -4*u + 9 + 7 = 0. Suppose 0 = 4*d + u - 0. What is the units digit of g(d)?
4
What is the tens digit of (494 - 2) + 2 + 2 + -3?
9
Suppose 4*r + 1673 = 3*t, r = 30*t - 29*t - 556. What is the units digit of t?
1
Let g(p) = -161*p + 3. Let y be g(-4). Suppose z = -5*f + y, -95 = 5*f + 2*z - 739. What is the hundreds digit of f?
1
Suppose 5*y = 4*f + 2, 0 = -2*y - f - f + 8. Let g(h) = -y*h**2 + 4*h**2 - 1 - 1 + 1. What is the units digit of g(1)?
1
Let o be 70/2*2/(-5). Let x be 16/14*o/(-4). Suppose -10*y + x*y = -162. What is the units digit of y?
7
Suppose -7*r = 37 - 2. Let o(f) = 3*f**2 + 6*f + 13. What is the tens digit of o(r)?
5
What is the hundreds digit of (-111744)/(-228) - (-2)/(-19)?
4
Let q(i) = i**3 - 7*i**2 - 8*i + 3. Let p be q(8). Let d(u) = -u**3 + 0 + p - 4*u**2 + u + 11*u**2. What is the tens digit of d(7)?
1
Let p(u) = u**2 - u - 28. Let b be p(6). Suppose 2*o + 143 = b*l + 9, -4*l = -2*o - 274. What is the units digit of l?
0
Suppose 3*s = 3*v + 2*v - 27, 1 = 3*v + 2*s. Suppose -174 = -3*g + 4*t, -v*g - 5*t = -47 - 127. What is the units digit of g?
8
Let p be (-153)/30 + 1/10. Let f be (-23)/(-5) + (-2)/(-5). Let t = f - p. What is the tens digit of t?
1
Suppose 8 = 4*u - 4*d, -9 + 26 = 5*u + 2*d. Suppose -5*n - u*m + 33 = 0, -n + 4 = -m - 1. What is the units digit of n?
6
Suppose 4*q - 5*w = -3*w + 1060, 0 = -2*w. What is the tens digit of q?
6
Let r = 1 - 13. Let c be 2*3/(-18)*r. What is the tens digit of 2 + (0 - c) + 24?
2
Suppose -3*d - 10225 = -4*k, -k + 4*d = -782 - 1771. What is the units digit of k?
7
Suppose 2*f = -f + 78. What is the hundreds digit of (4/f - (-5364)/(-52))*-1?
1
Let k be (12/(-15))/((-5)/50). Suppose 0 = 12*t - k*t - 104. What is the units digit of t?
6
What is the hundreds digit of (3/(-2) - -1)*(-45 + -1063)?
5
Let s be ((-27)/15)/((-4)/20). Suppose -l = 4 - s. Suppose g + l*z = -21 + 2, 4*g + 3*z = 9. What is the units digit of g?
6
Let h(s) = -s**2 - 22*s + 10. Let x be h(-12). Suppose 0*p + 3*p - x = d, -2 = 2*d. What is the tens digit of p?
4
Let a = 75 + 32. What is the hundreds digit of 6/3 + -2 + a + 3?
1
Let i = 40 + -40. Suppose -5*q + 6*q - 108 = i. What is the units digit of q?
8
Suppose h + 4*y = 1243, -5*y + 5 = 20. What is the tens digit of h?
5
Let o(q) = -10*q**2 + 142*q + 16. What is the hundreds digit of o(8)?
5
Let b = -75 - -80. Suppose 2*j - 148 = b*g - g, -4*j + g + 275 = 0. What is the tens digit of j?
6
Let u(w) = 473*w + 1. What is the units digit of u(2)?
7
Suppose 2*t = -0*t + 10. Suppose 3*h = -l + 181 + 61, -t*l = h - 62. What is the tens digit of h?
8
Let m = -2843 + 5834. What is the hundreds digit of m?
9
Let c(v) = 17*v - 2. Let l be (1/(-3))/(2/(-12)). Let m be c(l). Let g = -21 + m. What is the tens digit of g?
1
Let o(a) = a**2 - a + 1. Let t = 6 + -4. What is the units digit of o(t)?
3
Let q = -75 + 253. What is the tens digit of q?
7
Let m = 5 - 9. Let n(i) = -14*i - 2. Let s be n(m). Suppose 0 = -2*g - 0*g + s. What is the tens digit of g?
2
Suppose -12785 = -4*u - 9*g, 2*g - 7658 = -4*u + 5148. What is the hundreds digit of u?
2
Let z be 4/((-24)/57) - (-5)/(-10). What is the hundreds digit of 3052/20 + 6/z?
1
Let x = -321 - -555. What is the hundreds digit of x?
2
Suppose 107*j = 91*j + 48464. What is the units digit of j?
9
Let o = -230 + 322. Suppose -44 - o = 2*f. What is the units digit of f/(-8) - (-1)/2?
9
Suppose 10 = 5*j + 2*o, 5*j + 4 = 5*o + 49. Suppose s - 2*s = m, 5*m = -j*s + 4. Suppose m*d - 26 = 3*d. What is the tens digit of d?
2
Let z(l) = 4*l - 21. Let t be z(9). Let m = 158 - t. What is the units digit of m?
3
Suppose 0 = 3*i + 5*h - 7*h - 298, -i + 5*h + 108 = 0. What is the tens digit of i?
9
Let k(v) = 38*v - 6. What is the tens digit of k(6)?
2
Let o(k) = 3*k + 3. Let c be o(-3). Let v be (c/4)/((-3)/100). Let t = v - 21. What is the units digit of t?
9
Let s = 22 + -24. Let c(m) = 2*m**2 - m - 4. Let f be c(s). Let u(k) = -k**3 + 7*k**2 - k + 2. What is the tens digit of u(f)?
3
Suppose 3*a = -x - 18, -2*a - a - 5*x - 6 = 0. Let v be ((-1)/2)/(a/56). Suppose 4*f + 36 + 19 = 3*j, -5*j + v*f + 89 = 0. What is the units digit of j?
7
Let a(v) be the third derivative of 69*v**6/40 + 10*v**2. What is the tens digit of a(1)?
0
Let g = -1110 + 2556. What is the tens digit of g?
4
Suppose 0 = i + 2, 5*i - 21480 = -53*b + 48*b. What is the units digit of b?
8
Suppose 10*f - 4*f = 2730. What is the hundreds digit of f?
4
Suppose -5*b + 696 = -5*s + 36, 660 = 5*b + 4*s. What is the tens digit of b?
3
Suppose -o - 5 = 0, -4 = 3*l + 5*o + 3. Suppose 0 = -4*b - 2*s + 1008, -2*b + s = -l*b + 1004. What is the hundreds digit of b?
2
Suppose 67*j = 68*j + 4*k - 325, 0 = -5*j - 3*k + 1591. What is the hundreds digit of j?
3
Let m(n) = -n**3 - 2*n**2 + 1 + n**2 + 2 - 1. What is the tens digit of m(-5)?
0
Let o(a) = 5*a + 10. Let m be o(8). Suppose -2*s + m = 3*s. Let g = 56 - s. What is the units digit of g?
6
Let c = -760 + 870. What is the units digit of c?
0
Let c = -59 + 59. Suppose c = 4*f, -6*f + 312 = 4*i - 2*f. What is the units digit of i?
8
Suppose -3*v - 5 = -35. Suppose r - 4 = -v. Let z(c) = -c**3 - 6*c**2 - 5*c + 5. What is the tens digit of z(r)?
3
Let k be 22 - (-2 - 0 - -4). Suppose 3*y - k = -5*z, 0 = y - z - 4 - 0. Suppose -5*i = y*g - 90, 2*i - 4*i - 3*g = -38. What is the units digit of i?
6
Let j(w) = 13*w + 265. What is the units digit of j(8)?
9
Let b(t) = t**3 + 7*t**2 - 12*t + 26. What is the tens digit of b(-7)?
1
Suppose 2*o + 199 = -q, o - 2*q = 2*o + 101. Let a = 172 + o. What is the units digit of a?
3
Let o(h) = 3*h - 13. Let u be o(6). Suppose v - 2*v - u*j = -40, 0 = 5*v - 3*j - 116. What is the units digit of v?
5
Let f = 28 + -26. Suppose -f*w + 6*w + 1 = 3*s, -w = 2*s - 8. Suppose -w*l + 33 = -l. What is the tens digit of l?
3
Let h = 36 + -17. Suppose 7*w - h - 16 = 0. What is the units digit of w?
5
Let p be 3*(-1)/(-6)*-40. Let q = p - -26. Suppose -q*i = -8*i + 74. What is the units digit of i?
7
Let s(k) = -k**3 + 6*k**2 - 2*k - 10. Let n be s(5). Suppose t + 28 = n*t. What is the units digit of t?
7
What is the units digit of (-9 - 546/(-13))/((-3)/(-140))?
0
Suppose 5*w - 9216 = -406. What is the thousands digit of w?
1
Suppose 0 = 5*z + 13 - 58. Let r(p) = -z*p**2 + 6*p + p**3 - 6 - 2*p**3 - 5. What is the tens digit of r(-10)?
2
What is the units digit of 24/(-6) - 1 - -420?
5
Let q(d) = d**3 - 2*d**2 - 6*d + 4. Let c(h) = -h. Let r be c(-3). Suppose 0 = 2*a + 4*i + 12, -a - 28 = -r*a + 4*i. What is the tens digit of q(a)?
1
Let p = -504 + 843. What is the hundreds digit of p?
3
Let t(v) = -v**2 - 16*v + 11. Suppose -4*o - 4 = 0, r + o + 7 = 4*o. Let w be t(r). Let m = -36 + w. What is the tens digit of m?
3
Let m(l) be the second derivative of -l**4/8 + 2*l**3/3 + 2*l**2 - 5*l. Let z(f) be the first derivative of m(f). What is the units digit of z(-4)?
6
Let b = -263 + 319. What is the units digit of b?
6
Let z(r) = -2*r**3 - 24*r**2 - r - 4. Let d be z(-12). Suppose 21 = d*j - 35. What is the units digit of j?
7
Let s be 4360/22 - 14/77. Let g = s + 35. What is the hundreds digit of g?
2
Let d(y) = -2*y + 113*y**3 + 1 - 124*y**3 + 4*y + 2*y**2. What is the tens digit of d(-1)?
1
Let a(y) be the first derivative of 17*y**4/4 + 2*y - 7. What is the tens digit of a(2)?
3
Let n = 266 + -69. What is the hundreds digit of n?
1
Suppose -221*y + 233*y = 12936. What is the hundreds digit of y?
0
Let a(r) = r**3 + 10*r**2 - 9*r + 24. Suppose -t = 6 + 4. Let y be a(t). Suppose -5*h + 3*l - 28 = -y, 2*l + 52 = 3*h. What is the units digit of h?
6
Let t = 4 + 0. Suppose 2*s + 37 + 9 = t*k, -4*